{"id":1,"date":"2020-11-17T13:56:54","date_gmt":"2020-11-17T13:56:54","guid":{"rendered":"https:\/\/www.adtonitalia.com\/shop\/?page_id=1"},"modified":"2025-09-10T16:00:21","modified_gmt":"2025-09-10T16:00:21","slug":"home","status":"publish","type":"page","link":"https:\/\/www.adtonitalia.com\/shop\/","title":{"rendered":"Home"},"content":{"rendered":"<ul>\n<li>\n<p>        <img decoding=\"async\" src=\"\/shop\/wp-content\/uploads\/2025\/08\/adton-slide-home1ok.jpg\" alt=\"\"><\/p>\n<h2>Dalla ricerca alla raffinatezza: un percorso verso la sostenibilit\u00e0<\/h2>\n<\/li>\n<li>\n<p>        <img decoding=\"async\" src=\"\/shop\/wp-content\/uploads\/2025\/08\/adton-slide-home2ok.jpg\" alt=\"\"><\/p>\n<h2>La scienza al servizio della purezza alimentare<\/h2>\n<\/li>\n<li>\n<p>        <img decoding=\"async\" src=\"\/shop\/wp-content\/uploads\/2025\/08\/adton-talia-slide-4a.jpg\" alt=\"\"><\/p>\n<h2>Dalla natura alla tavola, garantendo trasparenza e qualit\u00e0<\/h2>\n<\/li>\n<li>\n<p>        <img decoding=\"async\" src=\"\/shop\/wp-content\/uploads\/2025\/08\/slide-adton-8.jpg\" alt=\"\"><\/p>\n<h2>Performance costante, affidabilit\u00e0 garantita<\/h2>\n<\/li>\n<\/ul>\n<p><img decoding=\"async\" src=\"\/shop\/wp-content\/uploads\/2025\/08\/logo-adton.png\" alt=\"\"><\/p>\n<h1>\n<p>Bleaching Earth di Nuova Generazione<\/p>\n<\/h1>\n<hr>\n<h2>\n<p>Prestazioni elevate, qualit\u00e0 costante, consegne rapide in tutta Europa.<\/p>\n<\/h2>\n<div>\n<p>Adton Italia offre bleaching earth attivate di alta qualit\u00e0, sviluppate per garantire eccellenti performance di decolorazione in diversi settori: oli vegetali e animali, cosmetico, biodiesel e feed.<\/p>\n<p>Grazie allo stoccaggio in Italia e a una rete di distribuzione capillare, assicuriamo consegne veloci, supporto tecnico-commerciale dedicato e un prodotto comparabile ai leader di mercato, con un approccio pi\u00f9 flessibile e orientato alle esigenze del cliente.<\/p>\n<\/div>\n<h2>I Nostri Valori<\/h2>\n<ul>\n<li>\n<p>        <img decoding=\"async\" src=\"\/shop\/wp-content\/uploads\/icon-check.svg\" alt=\"\"><\/p>\n<h3>Qualit\u00e0 senza compromessi<\/h3>\n<div>\n<p>Ogni prodotto Crystalbrite \u00e8 testato per garantire performance costanti e risultati eccellenti in ogni applicazione.<\/p>\n<\/div>\n<\/li>\n<li>\n<p>        <img decoding=\"async\" src=\"\/shop\/wp-content\/uploads\/icon-check.svg\" alt=\"\"><\/p>\n<h3>Affidabilit\u00e0 e trasparenza<\/h3>\n<div>\n<p>Puntualit\u00e0, seriet\u00e0 e comunicazione chiara in ogni fase del processo.<\/p>\n<\/div>\n<\/li>\n<li>\n<p>        <img decoding=\"async\" src=\"\/shop\/wp-content\/uploads\/icon-check.svg\" alt=\"\"><\/p>\n<h3>Innovazione continua<\/h3>\n<div>\n<p>Investiamo in ricerca e sviluppo per soluzioni sempre pi\u00f9 efficienti e competitive.<\/p>\n<\/div>\n<\/li>\n<li>\n<p>        <img decoding=\"async\" src=\"\/shop\/wp-content\/uploads\/icon-check.svg\" alt=\"\"><\/p>\n<h3>Sostenibilit\u00e0 e responsabilit\u00e0<\/h3>\n<div>\n<p>Processi ottimizzati e logistica intelligente per ridurre l\u2019impatto ambientale e sostenere una filiera pi\u00f9 green.<\/p>\n<\/div>\n<\/li>\n<li>\n<p>        <img decoding=\"async\" src=\"\/shop\/wp-content\/uploads\/icon-check.svg\" alt=\"\"><\/p>\n<h3>Vicinanza al cliente<\/h3>\n<div>\n<p>Supporto tecnico e commerciale personalizzato per rispondere rapidamente a ogni esigenza.<\/p>\n<\/div>\n<\/li>\n<\/ul>\n<p><img decoding=\"async\" src=\"\/shop\/wp-content\/uploads\/2025\/08\/adton-talia-slide-2a.jpg\" alt=\"\"><\/p>\n<h1>Processo produttivo<\/h1>\n<h1>Siamo orgogliosi del nostro impianto di produzione all\u2019avanguardia, dotato delle pi\u00f9 moderne tecnologie per realizzare Bleaching Earth Attivata di qualit\u00e0 premium.<br \/>\nEcco uno sguardo al nostro avanzato processo produttivo:<\/h1>\n<ul>\n<li>\n<h2>01<\/h2>\n<p>Selezione delle materie prime<\/p>\n<div>Selezioniamo con la massima attenzione riserve di bentonite di alta qualit\u00e0 provenienti dal Gujarat, garantendo che solo le migliori materie prime vengano utilizzate nel nostro processo produttivo.<\/div>\n<\/li>\n<li>\n<h2>02<\/h2>\n<p>Granulazione<\/p>\n<div>I lotti di bentonite selezionati vengono sottoposti a un processo di granulazione, trasformandosi da blocchi in granuli umidi di alta qualit\u00e0. Ogni lotto viene rigorosamente controllato per verificarne la qualit\u00e0 prima di passare alla fase successiva.<\/div>\n<\/li>\n<li>\n<h2>03<\/h2>\n<p>Attivazione acida<\/p>\n<div>I granuli umidi vengono sottoposti a un preciso processo di attivazione acida, che ne incrementa le prestazioni e la superficie specifica. Grazie a un accurato trattamento acido di 10 ore seguito da un ciclo di lavaggio di 12 ore, impurit\u00e0 e metalli pesanti vengono efficacemente rimossi, garantendo cos\u00ec una qualit\u00e0 superiore e una maggiore durata degli oli vegetali.<\/div>\n<\/li>\n<li>\n<h2>04<\/h2>\n<p>Neutralizzazione<\/p>\n<div>Eventuali acidi o acque esauste vengono accuratamente neutralizzati con calce nel nostro impianto dedicato di neutralizzazione. L\u2019acqua neutralizzata viene poi filtrata e sottoposta a osmosi inversa (RO) prima di essere riciclata, mentre il gesso prodotto nel processo trova impiego nell\u2019industria del cemento.<\/div>\n<\/li>\n<li>\n<h2>05<\/h2>\n<p>Essiccazione<\/p>\n<div>Dopo l\u2019attivazione, i granuli di bentonite vengono accuratamente essiccati con essiccatori ad alta capacit\u00e0, riducendo il contenuto di umidit\u00e0 a livelli ottimali per le successive fasi di lavorazione e confezionamento.<\/div>\n<\/li>\n<li>\n<h2>06<\/h2>\n<p>Macinazione e confezionamento<\/p>\n<div>La Bleaching Earth attivata e essiccata viene macinata con precisione e confezionata con la massima cura. Che si tratti di imballaggi in carta, big bag o consegne sfuse tramite autobotti, garantiamo che i nostri prodotti raggiungano le raffinerie di olio e i nostri clienti nelle migliori condizioni possibili.<\/div>\n<\/li>\n<\/ul>\n<p><!--more--><br \/>\n<!-- {\"type\":\"layout\",\"children\":[{\"name\":\"Hero\",\"type\":\"section\",\"props\":{\"image_position\":\"center-center\",\"padding\":\"none\",\"padding_remove_top\":false,\"style\":\"primary\",\"title_breakpoint\":\"xl\",\"title_position\":\"top-left\",\"title_rotation\":\"left\",\"vertical_align\":\"\",\"width\":\"\"},\"children\":[{\"type\":\"row\",\"props\":{\"margin_remove_top\":false},\"children\":[{\"type\":\"column\",\"props\":{\"image_position\":\"center-center\",\"position_sticky_breakpoint\":\"m\",\"width_medium\":\"1-1\"},\"children\":[{\"type\":\"slideshow\",\"props\":{\"animation\":\"parallax\",\"container_padding_remove\":false,\"image_loading\":true,\"link_style\":\"default\",\"link_text\":\"Read more\",\"margin\":\"default\",\"margin_remove_top\":false,\"meta_align\":\"above-title\",\"meta_color\":\"muted\",\"meta_element\":\"div\",\"meta_style\":\"h4\",\"nav\":\"dotnav\",\"nav_align\":\"center\",\"nav_below\":false,\"nav_breakpoint\":\"\",\"nav_position\":\"bottom-center\",\"nav_position_margin\":\"medium\",\"nav_vertical\":false,\"overlay_animation\":\"parallax\",\"overlay_container\":\"small\",\"overlay_position\":\"center\",\"parallax_breakpoint\":\"m\",\"parallax_easing\":\"1\",\"parallax_y\":\"0,-50\",\"show_content\":true,\"show_link\":true,\"show_meta\":true,\"show_thumbnail\":true,\"show_title\":true,\"slidenav\":\"bottom-right\",\"slidenav_breakpoint\":\"m\",\"slidenav_hover\":false,\"slidenav_large\":true,\"slidenav_margin\":\"\",\"slidenav_outside_breakpoint\":\"xl\",\"slideshow_animation\":\"pull\",\"slideshow_autoplay\":true,\"slideshow_autoplay_interval\":\"5\",\"slideshow_autoplay_pause\":false,\"slideshow_height\":\"viewport\",\"slideshow_height_offset_top\":true,\"slideshow_min_height\":\"\",\"slideshow_velocity\":\"1.5\",\"text_align\":\"center\",\"thumbnav_height\":\"100\",\"thumbnav_nowrap\":true,\"thumbnav_svg_color\":\"emphasis\",\"thumbnav_width\":\"150\",\"title_color\":\"warning\",\"title_element\":\"h2\",\"title_hover_style\":\"reset\",\"title_margin\":\"remove\",\"title_style\":\"heading-small\"},\"children\":[{\"type\":\"slideshow_item\",\"props\":{\"image\":\"wp-content\\\/uploads\\\/2025\\\/08\\\/adton-slide-home1ok.jpg\",\"media_overlay\":\"rgba(0, 0, 0, 0.34)\",\"meta\":\"\",\"title\":\"Dalla ricerca alla raffinatezza: un percorso verso la sostenibilit\\u00e0\"}},{\"type\":\"slideshow_item\",\"props\":{\"image\":\"wp-content\\\/uploads\\\/2025\\\/08\\\/adton-slide-home2ok.jpg\",\"media_overlay\":\"rgba(0, 0, 0, 0.34)\",\"title\":\"La scienza al servizio della purezza alimentare\"}},{\"type\":\"slideshow_item\",\"props\":{\"image\":\"wp-content\\\/uploads\\\/2025\\\/08\\\/adton-talia-slide-4a.jpg\",\"media_overlay\":\"rgba(0, 0, 0, 0.34)\",\"title\":\"Dalla natura alla tavola, garantendo trasparenza e qualit\\u00e0\"}},{\"type\":\"slideshow_item\",\"props\":{\"image\":\"wp-content\\\/uploads\\\/2025\\\/08\\\/slide-adton-8.jpg\",\"media_overlay\":\"rgba(0, 0, 0, 0.34)\",\"title\":\"Performance costante, affidabilit\\u00e0 garantita\"}}]}]}]}]},{\"name\":\"We are hiring\",\"type\":\"section\",\"props\":{\"animation\":\"slide-right-small\",\"header_overlay\":\"light\",\"header_transparent\":true,\"header_transparent_text_color\":\"dark\",\"height_viewport\":false,\"image_effect\":\"parallax\",\"image_parallax_bgy\":\",\",\"image_parallax_easing\":\"1\",\"image_position\":\"center-center\",\"image_size\":\"cover\",\"media_background\":\"#004D90\",\"media_overlay\":\"rgba(1, 47, 89, 0.77)\",\"padding\":\"large\",\"padding_remove_top\":false,\"style\":\"primary\",\"title_breakpoint\":\"xl\",\"title_position\":\"center-left\",\"title_rotation\":\"left\",\"vertical_align\":\"middle\",\"width\":\"default\"},\"children\":[{\"type\":\"row\",\"props\":{\"column_gap\":\"large\",\"layout\":\"1-4,3-4\",\"margin\":\"default\",\"match\":false,\"row_gap\":\"collapse\",\"vertical_align\":true},\"children\":[{\"type\":\"column\",\"props\":{\"image_position\":\"center-center\",\"position_sticky_breakpoint\":\"m\",\"width_medium\":\"1-4\"},\"children\":[{\"type\":\"image\",\"props\":{\"animation\":\"slide-left-small\",\"image\":\"wp-content\\\/uploads\\\/2025\\\/08\\\/logo-adton.png\",\"image_border\":\"rounded\",\"image_svg_color\":\"emphasis\",\"image_width\":400,\"margin\":\"default\",\"text_align\":\"left\",\"text_align_breakpoint\":\"m\",\"text_align_fallback\":\"center\"}}]},{\"type\":\"column\",\"props\":{\"image_position\":\"center-center\",\"position_sticky_breakpoint\":\"m\",\"vertical_align\":\"middle\",\"width_medium\":\"3-4\"},\"children\":[{\"type\":\"headline\",\"props\":{\"content\":\"\n\n<p>Bleaching Earth di Nuova Generazione<\\\/p>\",\"margin\":\"default\",\"maxwidth_breakpoint\":\"m\",\"text_align\":\"left\",\"text_align_breakpoint\":\"m\",\"text_align_fallback\":\"center\",\"title_element\":\"h1\",\"title_style\":\"h1\"}},{\"type\":\"divider\",\"props\":{\"divider_align\":\"left\",\"divider_align_breakpoint\":\"m\",\"divider_align_fallback\":\"center\",\"divider_element\":\"hr\",\"divider_style\":\"small\",\"maxwidth\":\"medium\",\"maxwidth_breakpoint\":\"m\"}},{\"type\":\"headline\",\"props\":{\"content\":\"\n\n<p>Prestazioni elevate, qualit\\u00e0 costante, consegne rapide in tutta Europa.<\\\/p>\",\"margin\":\"small\",\"text_align\":\"left\",\"text_align_breakpoint\":\"m\",\"text_align_fallback\":\"center\",\"title_element\":\"h2\",\"title_style\":\"h2\"}},{\"type\":\"text\",\"props\":{\"block_align\":\"center\",\"column_breakpoint\":\"m\",\"content\":\"\n\n<p>Adton Italia offre bleaching earth attivate di alta qualit\\u00e0, sviluppate per garantire eccellenti performance di decolorazione in diversi settori: oli vegetali e animali, cosmetico, biodiesel e feed.<\\\/p>\\n\n\n<p>Grazie allo stoccaggio in Italia e a una rete di distribuzione capillare, assicuriamo consegne veloci, supporto tecnico-commerciale dedicato e un prodotto comparabile ai leader di mercato, con un approccio pi\\u00f9 flessibile e orientato alle esigenze del cliente.<\\\/p>\",\"margin\":\"medium\",\"margin_remove_bottom\":true,\"maxwidth_breakpoint\":\"m\",\"text_align\":\"justify\",\"text_align_breakpoint\":\"m\",\"text_align_fallback\":\"center\"}}]}]}]},{\"name\":\"Image\",\"type\":\"section\",\"props\":{\"height\":\"viewport\",\"height_viewport\":50,\"image\":\"wp-content\\\/uploads\\\/2025\\\/08\\\/slide-adton-a11.jpg\",\"image_effect\":\"fixed\",\"image_position\":\"center-center\",\"image_size\":\"cover\",\"image_width\":\"1920\",\"style\":\"default\",\"title_breakpoint\":\"xl\",\"title_position\":\"top-left\",\"title_rotation\":\"left\",\"vertical_align\":\"middle\",\"width\":\"default\"},\"children\":[{\"type\":\"row\",\"children\":[{\"type\":\"column\",\"props\":{\"image_position\":\"center-center\",\"position_sticky_breakpoint\":\"m\",\"width_medium\":\"1-1\"}}]}]},{\"type\":\"section\",\"props\":{\"image_position\":\"center-center\",\"padding\":\"large\",\"padding_remove_top\":false,\"style\":\"default\",\"title_breakpoint\":\"xl\",\"title_position\":\"top-left\",\"title_rotation\":\"left\",\"vertical_align\":\"\",\"width\":\"expand\"},\"children\":[{\"type\":\"row\",\"children\":[{\"type\":\"column\",\"props\":{\"image_position\":\"center-center\",\"position_sticky_breakpoint\":\"m\",\"width_medium\":\"1-3\"},\"children\":[{\"type\":\"headline\",\"props\":{\"content\":\"I Nostri Valori\",\"margin\":\"remove-vertical\",\"text_align\":\"left\",\"text_align_breakpoint\":\"m\",\"text_align_fallback\":\"center\",\"title_element\":\"h2\",\"title_style\":\"heading-small\"}}]},{\"type\":\"column\",\"props\":{\"image_position\":\"center-center\",\"position_sticky_breakpoint\":\"m\",\"width_medium\":\"2-3\"},\"children\":[{\"type\":\"grid\",\"props\":{\"content_column_breakpoint\":\"m\",\"filter_align\":\"left\",\"filter_all\":true,\"filter_grid_breakpoint\":\"m\",\"filter_grid_width\":\"auto\",\"filter_position\":\"top\",\"filter_style\":\"tab\",\"grid_column_gap\":\"large\",\"grid_default\":\"1\",\"grid_medium\":\"\",\"grid_row_gap\":\"large\",\"grid_small\":\"2\",\"icon_width\":80,\"image_align\":\"left\",\"image_grid_breakpoint\":\"s\",\"image_grid_column_gap\":\"medium\",\"image_grid_row_gap\":\"small\",\"image_grid_width\":\"auto\",\"image_height\":\"36\",\"image_svg_color\":\"emphasis\",\"image_svg_inline\":true,\"image_width\":\"36\",\"item_animation\":true,\"lightbox_bg_close\":true,\"link_style\":\"default\",\"link_text\":\"Read more\",\"margin\":\"large\",\"margin_remove_top\":false,\"meta_align\":\"below-title\",\"meta_element\":\"div\",\"meta_style\":\"text-meta\",\"parallax_easing\":\"1\",\"position\":\"relative\",\"position_z_index\":\"1\",\"show_content\":true,\"show_hover_image\":true,\"show_hover_video\":true,\"show_image\":true,\"show_link\":true,\"show_meta\":true,\"show_title\":true,\"show_video\":true,\"text_align\":\"left\",\"text_align_breakpoint\":\"s\",\"text_align_fallback\":\"center\",\"title_align\":\"top\",\"title_element\":\"h3\",\"title_grid_breakpoint\":\"m\",\"title_grid_width\":\"1-2\",\"title_hover_style\":\"reset\",\"title_style\":\"h4\"},\"children\":[{\"type\":\"grid_item\",\"props\":{\"content\":\"\n\n<p>Ogni prodotto Crystalbrite \\u00e8 testato per garantire performance costanti e risultati eccellenti in ogni applicazione.<\\\/p>\",\"image\":\"wp-content\\\/uploads\\\/icon-check.svg\",\"title\":\"Qualit\\u00e0 senza compromessi\"}},{\"type\":\"grid_item\",\"props\":{\"content\":\"\n\n<p>Puntualit\\u00e0, seriet\\u00e0 e comunicazione chiara in ogni fase del processo.<\\\/p>\",\"image\":\"wp-content\\\/uploads\\\/icon-check.svg\",\"title\":\"Affidabilit\\u00e0 e trasparenza\"}},{\"type\":\"grid_item\",\"props\":{\"content\":\"\n\n<p>Investiamo in ricerca e sviluppo per soluzioni sempre pi\\u00f9 efficienti e competitive.<\\\/p>\",\"image\":\"wp-content\\\/uploads\\\/icon-check.svg\",\"title\":\"Innovazione continua\"}},{\"type\":\"grid_item\",\"props\":{\"content\":\"\n\n<p>Processi ottimizzati e logistica intelligente per ridurre l\\u2019impatto ambientale e sostenere una filiera pi\\u00f9 green.<\\\/p>\",\"image\":\"wp-content\\\/uploads\\\/icon-check.svg\",\"title\":\"Sostenibilit\\u00e0 e responsabilit\\u00e0\"}},{\"type\":\"grid_item\",\"props\":{\"content\":\"\n\n<p>Supporto tecnico e commerciale personalizzato per rispondere rapidamente a ogni esigenza.<\\\/p>\",\"image\":\"wp-content\\\/uploads\\\/icon-check.svg\",\"title\":\"Vicinanza al cliente\"}}]}]}],\"props\":{\"column_gap\":\"large\",\"layout\":\"1-3,2-3\",\"row_gap\":\"large\",\"width\":\"large\"}}],\"name\":\"Benefits\"},{\"name\":\"Image\",\"type\":\"section\",\"props\":{\"height\":\"viewport\",\"height_viewport\":50,\"image\":\"wp-content\\\/uploads\\\/2025\\\/08\\\/slide-adton-a2.jpg\",\"image_effect\":\"fixed\",\"image_position\":\"center-center\",\"image_size\":\"cover\",\"image_width\":\"1920\",\"style\":\"default\",\"title_breakpoint\":\"xl\",\"title_position\":\"top-left\",\"title_rotation\":\"left\",\"vertical_align\":\"middle\",\"width\":\"default\"},\"children\":[{\"type\":\"row\",\"children\":[{\"type\":\"column\",\"props\":{\"image_position\":\"center-center\",\"position_sticky_breakpoint\":\"m\",\"width_medium\":\"1-1\"}}]}]},{\"type\":\"section\",\"props\":{\"image_position\":\"center-center\",\"padding\":\"large\",\"preserve_color\":true,\"style\":\"muted\",\"title_breakpoint\":\"xl\",\"title_position\":\"top-left\",\"title_rotation\":\"left\",\"vertical_align\":\"middle\",\"width\":\"default\"},\"children\":[{\"type\":\"row\",\"children\":[{\"type\":\"column\",\"props\":{\"image_position\":\"center-center\",\"position_sticky_breakpoint\":\"m\",\"width_medium\":\"1-2\"},\"children\":[{\"type\":\"image\",\"props\":{\"image\":\"wp-content\\\/uploads\\\/2025\\\/08\\\/adton-talia-slide-2a.jpg\",\"image_svg_color\":\"emphasis\",\"margin\":\"default\"}}]},{\"type\":\"column\",\"props\":{\"image_position\":\"center-center\",\"position_sticky_breakpoint\":\"m\",\"width_medium\":\"1-2\"},\"children\":[{\"type\":\"headline\",\"props\":{\"content\":\"Processo produttivo\",\"margin\":\"large\",\"margin_remove_bottom\":true,\"title_color\":\"background\",\"title_element\":\"h1\"}},{\"type\":\"headline\",\"props\":{\"content\":\"Siamo orgogliosi del nostro impianto di produzione all\\u2019avanguardia, dotato delle pi\\u00f9 moderne tecnologie per realizzare Bleaching Earth Attivata di qualit\\u00e0 premium.\\nEcco uno sguardo al nostro avanzato processo produttivo:\",\"margin\":\"default\",\"title_color\":\"background\",\"title_element\":\"h1\",\"title_style\":\"h4\"}}]}],\"props\":{\"layout\":\"1-2,1-2\"}},{\"type\":\"row\",\"children\":[{\"type\":\"column\",\"props\":{\"image_position\":\"center-center\",\"position_sticky_breakpoint\":\"m\"},\"children\":[{\"name\":\"Grid Filter Pill\",\"type\":\"grid\",\"children\":[{\"type\":\"grid_item\",\"props\":{\"content\":\"Selezioniamo con la massima attenzione riserve di bentonite di alta qualit\\u00e0 provenienti dal Gujarat, garantendo che solo le migliori materie prime vengano utilizzate nel nostro processo produttivo.\",\"meta\":\"Selezione delle materie prime\",\"tags\":\"Monthly\",\"title\":\"01\"}},{\"type\":\"grid_item\",\"props\":{\"content\":\"I lotti di bentonite selezionati vengono sottoposti a un processo di granulazione, trasformandosi da blocchi in granuli umidi di alta qualit\\u00e0. Ogni lotto viene rigorosamente controllato per verificarne la qualit\\u00e0 prima di passare alla fase successiva.\",\"meta\":\"Granulazione\",\"tags\":\"Monthly\",\"title\":\"02\"}},{\"type\":\"grid_item\",\"props\":{\"content\":\"I granuli umidi vengono sottoposti a un preciso processo di attivazione acida, che ne incrementa le prestazioni e la superficie specifica. Grazie a un accurato trattamento acido di 10 ore seguito da un ciclo di lavaggio di 12 ore, impurit\\u00e0 e metalli pesanti vengono efficacemente rimossi, garantendo cos\\u00ec una qualit\\u00e0 superiore e una maggiore durata degli oli vegetali.\",\"meta\":\"Attivazione acida\",\"tags\":\"Monthly\",\"title\":\"03\"}},{\"type\":\"grid_item\",\"props\":{\"content\":\"Eventuali acidi o acque esauste vengono accuratamente neutralizzati con calce nel nostro impianto dedicato di neutralizzazione. L\\u2019acqua neutralizzata viene poi filtrata e sottoposta a osmosi inversa (RO) prima di essere riciclata, mentre il gesso prodotto nel processo trova impiego nell\\u2019industria del cemento.\",\"meta\":\"Neutralizzazione\",\"tags\":\"Monthly\",\"title\":\"04\"}},{\"type\":\"grid_item\",\"props\":{\"content\":\"Dopo l\\u2019attivazione, i granuli di bentonite vengono accuratamente essiccati con essiccatori ad alta capacit\\u00e0, riducendo il contenuto di umidit\\u00e0 a livelli ottimali per le successive fasi di lavorazione e confezionamento.\",\"meta\":\"Essiccazione\",\"tags\":\"Monthly\",\"title\":\"05\"}},{\"type\":\"grid_item\",\"props\":{\"content\":\"La Bleaching Earth attivata e essiccata viene macinata con precisione e confezionata con la massima cura. Che si tratti di imballaggi in carta, big bag o consegne sfuse tramite autobotti, garantiamo che i nostri prodotti raggiungano le raffinerie di olio e i nostri clienti nelle migliori condizioni possibili.\",\"meta\":\"Macinazione e confezionamento\",\"tags\":\"Monthly\",\"title\":\"06\"}}],\"props\":{\"content_align\":false,\"content_column_breakpoint\":\"m\",\"content_dropcap\":false,\"filter\":false,\"filter_align\":\"center\",\"filter_all\":false,\"filter_animation\":\"false\",\"filter_grid_breakpoint\":\"m\",\"filter_grid_width\":\"auto\",\"filter_margin\":\"medium\",\"filter_position\":\"top\",\"filter_style\":\"subnav-pill\",\"grid_default\":\"1\",\"grid_medium\":\"2\",\"grid_parallax_justify\":false,\"icon_width\":80,\"image_align\":\"top\",\"image_grid_breakpoint\":\"m\",\"image_grid_width\":\"1-2\",\"image_svg_color\":\"emphasis\",\"item_animation\":true,\"lightbox_bg_close\":true,\"link_fullwidth\":true,\"link_margin\":\"large\",\"link_style\":\"primary\",\"link_text\":\"Read more\",\"margin\":\"large\",\"margin_remove_top\":false,\"meta_align\":\"above-content\",\"meta_color\":\"primary\",\"meta_element\":\"div\",\"meta_style\":\"h3\",\"panel_expand\":\"content\",\"panel_image_no_padding\":false,\"panel_link\":true,\"panel_link_hover\":\"true\",\"panel_padding\":\"small\",\"panel_style\":\"card-default\",\"show_content\":true,\"show_hover_image\":true,\"show_hover_video\":true,\"show_image\":true,\"show_link\":true,\"show_meta\":true,\"show_title\":true,\"show_video\":true,\"title_align\":\"left\",\"title_color\":\"secondary\",\"title_element\":\"h2\",\"title_grid_breakpoint\":\"m\",\"title_grid_width\":\"1-5\",\"title_hover_style\":\"reset\",\"title_style\":\"heading-medium\"}}]}]}]}],\"version\":\"4.5.24\"} --><\/p>\n","protected":false},"excerpt":{"rendered":"<p>Dalla ricerca alla raffinatezza: un percorso verso la sostenibilit\u00e0 La scienza al servizio della purezza alimentare Dalla natura alla tavola, garantendo trasparenza e qualit\u00e0 Performance costante, affidabilit\u00e0 garantita Bleaching Earth di Nuova Generazione Prestazioni elevate, qualit\u00e0 costante, consegne rapide in tutta Europa. Adton Italia offre bleaching earth attivate di alta qualit\u00e0, sviluppate per garantire eccellenti [&hellip;]<\/p>\n","protected":false},"author":99999,"featured_media":2020,"parent":0,"menu_order":10,"comment_status":"closed","ping_status":"closed","template":"","meta":{"_acf_changed":false,"footnotes":""},"class_list":["post-1","page","type-page","status-publish","has-post-thumbnail","hentry"],"acf":[],"_links":{"self":[{"href":"https:\/\/www.adtonitalia.com\/shop\/index.php?rest_route=\/wp\/v2\/pages\/1","targetHints":{"allow":["GET"]}}],"collection":[{"href":"https:\/\/www.adtonitalia.com\/shop\/index.php?rest_route=\/wp\/v2\/pages"}],"about":[{"href":"https:\/\/www.adtonitalia.com\/shop\/index.php?rest_route=\/wp\/v2\/types\/page"}],"author":[{"embeddable":true,"href":"https:\/\/www.adtonitalia.com\/shop\/index.php?rest_route=\/wp\/v2\/users\/99999"}],"replies":[{"embeddable":true,"href":"https:\/\/www.adtonitalia.com\/shop\/index.php?rest_route=%2Fwp%2Fv2%2Fcomments&post=1"}],"version-history":[{"count":106,"href":"https:\/\/www.adtonitalia.com\/shop\/index.php?rest_route=\/wp\/v2\/pages\/1\/revisions"}],"predecessor-version":[{"id":2991,"href":"https:\/\/www.adtonitalia.com\/shop\/index.php?rest_route=\/wp\/v2\/pages\/1\/revisions\/2991"}],"wp:featuredmedia":[{"embeddable":true,"href":"https:\/\/www.adtonitalia.com\/shop\/index.php?rest_route=\/wp\/v2\/media\/2020"}],"wp:attachment":[{"href":"https:\/\/www.adtonitalia.com\/shop\/index.php?rest_route=%2Fwp%2Fv2%2Fmedia&parent=1"}],"curies":[{"name":"wp","href":"https:\/\/api.w.org\/{rel}","templated":true}]}}